on factor of t and 115.
23
Let n(v) = 2*v**2 + 11*v + 7. Let j be n(-7). Let g(w) = -14*w + 24. Let a be g(-3). Suppose -192 = -3*f - a. What is the highest common divisor of f and j?
14
Let q be 2/12 - -3*91465/198. Calculate the greatest common divisor of 18 and q.
18
Suppose -38 = -3*g - m + 123, 5*g - 3*m - 273 = 0. Let l = g - -4. What is the highest common divisor of l and 145?
29
Let p(w) = -w**2 - 7*w - 6. Let t be 2/4*-2*5*-1. Suppose 0 = -u - t - 0. Let c be p(u). What is the highest common divisor of 28 and c?
4
Let g(j) = 3*j - 10. Let x be g(5). Let u be (4/5)/(2/x). Suppose -110 = -u*h - 3*h. What is the highest common divisor of h and 33?
11
Let w be (2576/21)/(6/9). Let u = w + -176. Calculate the highest common factor of u and 32.
8
Let n be (14 + 11936/24)*9/6. What is the highest common divisor of n and 118?
59
Let v be 70/(-245) + ((-876)/14)/(-2). Suppose -464 = -v*g + 2*g. Let b be (2/5)/((-1)/(-5)). Calculate the highest common factor of g and b.
2
Let p = 309 - 305. Suppose 280 = 4*v + p*u, 0 = -v - 2*u + 69 - 3. Calculate the greatest common divisor of 185 and v.
37
Let q = 3579 - 688. What is the greatest common factor of 7 and q?
7
Let k(p) = 2*p**2 - 20*p + 30. Suppose -15*c - 60 = -20*c. Let r be k(c). Suppose 6*b = -0*b + r. What is the greatest common divisor of 91 and b?
13
Let a = -9344 + 11044. Calculate the greatest common factor of 1292 and a.
68
Let v be (12 + -9)/((-2)/34). Let m = 55 + v. Suppose -o - 5*h = 4*o - 565, 222 = 2*o + m*h. What is the highest common divisor of o and 46?
23
Suppose 306 = 16*a + a. Let x be (-4)/(20/11 + -2). Suppose 3*r - 5*m = 295, 102 = r + 2*m + x. Calculate the highest common factor of r and a.
18
Let j = -2775 + 2807. Calculate the highest common divisor of j and 124.
4
Let y be (0 - -2)*-3 + 250. What is the greatest common factor of 188 and y?
4
Suppose 6*f - 2*f = 4. Suppose 82*m - 85*m - 5*u = -23, 0 = -4*m + u + 69. What is the greatest common factor of f and m?
1
Let w(l) = 14*l**2 + 16*l + 89. Let v be w(-5). Let r = 373 - v. Suppose 4*p - 2*p - 364 = 0. What is the highest common factor of r and p?
14
Let z be (104/(-364))/((-1)/42). Suppose 0 = -0*n + 2*n - 60. Calculate the highest common factor of z and n.
6
Suppose -5*c = -0*c. Suppose -q + 2 = -c. Let u(d) = d**3 + 13*d**2 + 11*d - 7. Let j be u(-12). Calculate the highest common factor of q and j.
1
Let z = 23652 - 7010. Calculate the highest common divisor of 53 and z.
53
Suppose -5*o + 88 = -3*o. Suppose 3476 = 91*g + 67*g. Calculate the highest common divisor of o and g.
22
Suppose -679*r - 5*i - 313 = -683*r, -5*i + 47 = r. What is the greatest common divisor of 10872 and r?
72
Suppose -1518*c = -1526*c + 67 - 3. Let f be 3/5 - (14/(-5))/7. Calculate the highest common factor of f and c.
1
Suppose 25*b + 67*b - 6473 = 3647. Calculate the greatest common factor of b and 1595.
55
Let l = -6002 - -6041. Calculate the highest common factor of 572 and l.
13
Suppose -2*u - 12 = -4*x, -41*u + 2*x + 2 = -36*u. Let t(a) = a**3 - 9*a**2 - 8*a - 13. Let y be t(10). Calculate the highest common divisor of u and y.
1
Suppose i - 263 = 304. Suppose 11*z - i = -83. Let y(j) = 2*j**2 + 3*j + 1. Let g be y(5). What is the highest common divisor of z and g?
22
Let k be -390*(-126)/(-105)*5/(-4). Calculate the highest common divisor of 11895 and k.
195
Let q(y) = -y**3 + 8*y**2 + 16*y + 28. Let u be q(9). Suppose 92*m = u*m + 26. What is the highest common divisor of m and 247?
13
Suppose 2089 = 183*g - 2303. Let f(l) = -l**3 + 8*l - 8*l**2 + 9 + 2*l**3 + 0*l**3. Let x be f(7). Calculate the highest common factor of x and g.
8
Let q be (-264)/2244 + 11734/34. Calculate the highest common factor of q and 45.
15
Suppose 232*o - 2387 = -407*o + 14866. Calculate the highest common divisor of o and 38340.
27
Suppose 5*o + 4*k - 204 = -0*k, -5*o - k = -201. Let l = o + -37. Let n be 2 + l*(-30)/(-9). Calculate the greatest common divisor of n and 24.
12
Let j be (11/(44/56))/((-2)/(-74)). What is the greatest common divisor of 126 and j?
14
Let s(g) = 6696*g**2 - 60*g - 171. Let h be s(-3). What is the greatest common factor of 333 and h?
333
Let d(h) = h**3 + 17*h**2 - 45*h - 441. Let o be d(-9). What is the greatest common divisor of o and 8415?
153
Suppose -874 = -5*w - 3*r, 3*w - 4*r = 405 + 131. Let a be 13 + 41 + (-10 - -4). What is the highest common factor of a and w?
16
Suppose -17 - 13 = -a. Let h = 80 + a. Suppose 12*q - 350 = -h. What is the highest common divisor of q and 70?
10
Suppose 15*a - 131 = 13*a + 93. Suppose -4*j + 7*i + 59 = 2*i, -4*j = -i - 79. What is the highest common factor of a and j?
7
Suppose -12*g - 931 = -895. Let r be 1/((-2)/(-2))*-4. Let o be (-1 + r/g)/((-45)/(-135)). Calculate the highest common factor of 9 and o.
1
Suppose -30*p = -84*p + 324. Let r be ((-3)/4)/(1/20). Let g = -7 - r. What is the highest common divisor of g and p?
2
Suppose 22390*a = 22401*a - 528. Calculate the greatest common factor of a and 688.
16
Let s be ((-30)/(-25))/(12/520). Let h = 16508 - 16066. Calculate the greatest common divisor of s and h.
26
Suppose 8960 = 34431*s - 34403*s. Let m(b) = 10*b + 4. Let g be m(6). What is the greatest common divisor of g and s?
64
Suppose 10*a + 78 = 16*a. Let z be 1/(-1 - 15/(-12)). Suppose -k + 260 = z*k. What is the highest common factor of k and a?
13
Let f be ((-33176)/(-6))/11*3/(-2). Let h = f + 2028. Calculate the highest common divisor of 26 and h.
26
Let w = 108 - 101. Suppose 17*h = w*h + 180. Calculate the greatest common divisor of 72 and h.
18
Suppose -217*b = -248*b + 62. What is the greatest common factor of 53 and b?
1
Let p = -146 + 347. Suppose 114 = -p*f + 207*f. What is the highest common divisor of f and 209?
19
Suppose -53*j = -51*j - 16. Suppose j*w = 37 + 147. What is the greatest common divisor of w and 184?
23
Let m = 2287 + -2173. Let l(z) = z**2 + 3*z - 34. Let w be l(5). Calculate the highest common divisor of m and w.
6
Let x(t) = -t**3 + 37*t**2 - 134*t + 166. Let n be x(31). Calculate the highest common divisor of 14 and n.
14
Let n(z) = 5*z + 7*z**2 - 20*z - 11 - 8 - 11*z. Let p be n(5). Calculate the greatest common factor of 169 and p.
13
Let t(b) = -704*b - 2884. Let c be t(-6). What is the greatest common divisor of 100 and c?
20
Suppose -2110*z + 473 = -2068*z - 115. Let w(f) = -f + 112. Let l be w(0). What is the greatest common divisor of l and z?
14
Let b = -160 - -164. Suppose -3*j = 3*t - 55 - 29, -34 = -j - b*t. Suppose -3*g + 9 = 0, 4*g - 15 = -3*c + g. Calculate the highest common factor of j and c.
2
Let b be (2/(-4))/(3 + (-185)/60). Let o be 2210/b + (6/(-18) - 0). Calculate the greatest common divisor of 23 and o.
23
Let m(x) = 5*x**2 + 7*x - 77. Let s be m(7). Calculate the greatest common factor of s and 496.
31
Suppose -240*j + 222*j + 50886 = 0. Calculate the highest common divisor of 33 and j.
11
Let k = 11342 - 9753. What is the greatest common factor of k and 227?
227
Let r(n) = -22*n + 50*n - 30 - 4*n**2 + 2*n**2. Let j be r(12). Calculate the highest common divisor of 72 and j.
18
Suppose 0 = -47*s + 55*s - 4232. Let z = 537 - s. Calculate the highest common factor of 568 and z.
8
Let b be (-12)/32 - 1/(-16*(-9)/(-10998)). Suppose -4*f + 4*u + 53 = -343, 5*u + 20 = 0. What is the highest common factor of b and f?
19
Let p be (26/(-8) + 2)*(28 - -8). Let y = p + 110. Calculate the highest common divisor of 78 and y.
13
Let q(u) = 417*u + 2525. Let g be q(-6). Calculate the greatest common divisor of 8 and g.
1
Let y be 1033/(-4)*(-204)/51 + -4. What is the greatest common factor of y and 588?
147
Suppose 553 = 3*z + 490. Let x be 6/z - -1*313/7. Calculate the greatest common divisor of x and 81.
9
Let l(p) = -p**3 + 34*p**2 + 108*p + 173. Let o be l(37). Let k = -57 + 336. What is the highest common factor of o and k?
31
Suppose 48*c - 198 = 51*c. Let q = c + 71. Let h be 73 + ((-3)/q)/(13/65). What is the highest common divisor of 35 and h?
35
Suppose -33*q + 38*q = 10. Suppose 0 = 4*l - 3*m - 22, 0 = -q*m + 4. Let u be l/9 + (-2)/(-9). What is the highest common divisor of u and 1?
1
Suppose 0 = -103*g - 24*g + 17272. What is the highest common factor of g and 119?
17
Let g be (((-36)/21)/(-2))/((-30)/(-140)). Su